 47277.
27
Calculate the greatest common factor of 40068 and 1456.
28
What is the highest common divisor of 623 and 281863?
89
Calculate the greatest common divisor of 989847 and 427.
61
Calculate the highest common divisor of 2574 and 72039.
33
Calculate the highest common divisor of 426 and 24069.
213
What is the highest common divisor of 44 and 2101?
11
Calculate the greatest common factor of 72826 and 2574.
26
Calculate the highest common divisor of 153 and 13787.
17
Calculate the greatest common divisor of 2987 and 9483.
29
Calculate the highest common factor of 6345424 and 989.
989
Calculate the greatest common divisor of 66025 and 11875.
475
What is the greatest common factor of 17328 and 1140?
228
Calculate the highest common factor of 335358 and 930.
186
What is the highest common divisor of 1871076 and 1968?
492
What is the greatest common divisor of 9517740 and 90?
30
Calculate the greatest common factor of 42000 and 80.
80
What is the greatest common factor of 7 and 268?
1
What is the highest common factor of 25 and 402350?
25
Calculate the highest common divisor of 86 and 2365.
43
What is the greatest common factor of 1530 and 8706?
6
What is the greatest common factor of 28404 and 540?
108
Calculate the highest common divisor of 3 and 292798.
1
What is the highest common factor of 74358 and 374?
34
Calculate the highest common factor of 616278 and 78.
78
Calculate the highest common divisor of 1602373 and 5284.
1321
Calculate the highest common divisor of 39 and 170430.
39
Calculate the greatest common divisor of 825 and 64900.
275
What is the greatest common divisor of 54 and 2076813?
27
What is the greatest common divisor of 6984 and 117000?
72
What is the highest common factor of 96339 and 34?
17
Calculate the greatest common factor of 1155 and 197015.
35
Calculate the highest common factor of 92697 and 377784.
1749
What is the highest common factor of 424 and 265?
53
Calculate the greatest common divisor of 480 and 288516.
12
Calculate the highest common divisor of 207 and 9292851.
207
Calculate the highest common factor of 2709 and 3921729.
903
What is the highest common divisor of 132 and 271249?
11
What is the highest common factor of 31768 and 200?
8
Calculate the greatest common factor of 1340122 and 42.
14
Calculate the greatest common divisor of 1900 and 33100.
100
Calculate the highest common divisor of 3981872 and 64.
16
What is the highest common divisor of 355094 and 1548?
86
Calculate the highest common divisor of 54791 and 253.
11
What is the greatest common factor of 1407 and 54069?
201
What is the highest common divisor of 63 and 6129?
9
Calculate the highest common factor of 219365 and 5840.
365
Calculate the greatest common factor of 93418 and 182.
26
Calculate the greatest common factor of 3087 and 154007.
343
Calculate the highest common divisor of 1638 and 4569474.
546
What is the highest common divisor of 115075 and 2300?
25
What is the highest common divisor of 309 and 623253?
309
Calculate the highest common factor of 20823 and 363.
33
Calculate the highest common divisor of 305165 and 35.
35
Calculate the greatest common factor of 238950 and 2754.
162
Calculate the greatest common divisor of 344 and 374616.
344
Calculate the greatest common divisor of 468 and 1612.
52
What is the highest common factor of 496 and 11036?
124
What is the greatest common factor of 52 and 46267?
13
What is the highest common divisor of 22 and 1151986?
22
What is the highest common factor of 27854 and 16859?
733
Calculate the greatest common factor of 17212 and 11.
1
What is the highest common factor of 1406 and 684?
38
Calculate the highest common divisor of 90 and 79155.
45
What is the greatest common divisor of 3298 and 459?
17
What is the greatest common divisor of 135 and 61735?
5
What is the highest common divisor of 7199 and 736?
23
What is the greatest common divisor of 190743 and 1302?
651
What is the highest common divisor of 3657 and 30337?
23
Calculate the greatest common factor of 1137554 and 29.
29
Calculate the highest common factor of 321970 and 1980.
110
Calculate the highest common factor of 24 and 3248624.
8
What is the highest common factor of 399 and 357?
21
Calculate the highest common divisor of 1312 and 50348.
164
What is the highest common factor of 983 and 2837921?
983
Calculate the greatest common divisor of 3243 and 107536.
47
What is the highest common divisor of 4497784 and 232?
232
What is the highest common divisor of 600201 and 3087?
441
What is the greatest common divisor of 43614 and 36?
18
Calculate the highest common factor of 90199 and 2.
1
What is the highest common factor of 138880 and 480?
160
What is the highest common factor of 42 and 147903?
21
What is the greatest common factor of 4978626 and 258?
258
Calculate the greatest common factor of 327976 and 132.
44
What is the greatest common factor of 1645 and 13395?
235
Calculate the greatest common divisor of 7216 and 24299.
11
What is the highest common factor of 88 and 2570084?
44
What is the greatest common factor of 10088 and 2392?
104
What is the greatest common factor of 7908 and 2748?
12
What is the greatest common divisor of 272 and 1346944?
272
Calculate the greatest common divisor of 25443 and 891.
99
Calculate the greatest common divisor of 39 and 12389.
13
What is the greatest common divisor of 7801 and 31697?
29
Calculate the greatest common factor of 175 and 2514295.
35
What is the highest common factor of 603 and 459?
9
Calculate the highest common divisor of 1098 and 193614.
366
What is the greatest common divisor of 2912 and 10976?
224
What is the highest common factor of 240 and 836?
4
Calculate the highest common divisor of 204 and 34119.
51
Calculate the greatest common divisor of 204722 and 14.
14
What is the greatest common factor of 73242 and 10329?
939
What is the highest common factor of 8 and 3908964?
4
What is the highest common factor of 5994 and 18?
18
What is the highest common factor of 20 and 4065580?
20
Calculate the highest common factor of 17420 and 104.
52
Calculate the highest common factor of 56 and 8498.
14
What is the highest common factor of 235950 and 4576?
286
Calculate the greatest common factor of 9309 and 15051.
87
What is the highest common factor of 2043443 and 5455?
1091
What is the greatest common divisor of 1610 and 95?
5
What is the highest common factor of 33972 and 60?
12
What is the greatest common divisor of 1876 and 83846?
14
What is the greatest common factor of 2762383 and 962?
481
Calculate the greatest common divisor of 6696590 and 10.
10
Calculate the highest common factor of 66 and 155166.
66
Calculate the highest common divisor of 5808 and 60.
12
What is the greatest common divisor of 374891 and 985?
197
What is the greatest common divisor of 340 and 82195?
85
What is the highest common divisor of 4693 and 141151?
361
Calculate the highest common divisor of 900 and 564.
12
Calculate the greatest common divisor of 324573 and 48.
3
What is the greatest common factor of 65 and 1835?
5
Calculate the greatest common factor of 260820 and 2205.
315
What is the greatest common divisor of 7425 and 2430?
135
Calculate the greatest common factor of 226 and 257301.
113
What is the greatest common divisor of 918 and 52356?
6
What is the greatest common divisor of 1197 and 20538?
63
What is the highest common factor of 7214805 and 36?
9
What is the greatest common divisor of 597852 and 300?
12
Calculate the greatest common factor of 43273 and 54786.
397
What is the highest common divisor of 277013 and 319?
11
Calculate the greatest common factor of 175776 and 96.
96
What is the greatest common divisor of 630 and 22820?
70
Calculate the greatest common divisor of 10230 and 715.
55
What is the highest common divisor of 2165 and 5170453?
433
What is the highest common divisor of 10087 and 847?
77
Calculate the highest common divisor of 4264 and 229944.
104
What is the greatest common divisor of 8075 and 1785?
85
Calculate the greatest common divisor of 13631 and 1161.
43
What is the highest common factor of 93 and 314402?
31
Calculate the highest common factor of 70415 and 5.
5
Calculate the greatest common factor of 1046550 and 15.
15
What is the greatest common factor of 897 and 5